ate the greatest common factor of 6716 and 315433.
73
What is the greatest common factor of 26609 and 69283973?
451
What is the greatest common divisor of 1245 and 1067790?
15
Calculate the greatest common divisor of 5396121 and 25803.
549
Calculate the greatest common divisor of 952 and 4468416.
136
Calculate the greatest common factor of 60 and 44191050.
30
What is the highest common divisor of 10775 and 667375?
25
What is the greatest common divisor of 26679724 and 836?
76
Calculate the greatest common factor of 1134596 and 22156.
116
What is the greatest common divisor of 690 and 3079470?
690
What is the greatest common factor of 87182720 and 48?
16
What is the greatest common divisor of 215654160 and 135?
15
Calculate the highest common divisor of 1356918 and 162.
6
Calculate the highest common divisor of 216 and 4384936.
8
Calculate the greatest common divisor of 70912449 and 5118.
2559
Calculate the highest common factor of 233966 and 2610961.
2489
What is the highest common factor of 13055 and 46026708?
2611
Calculate the highest common divisor of 43074383 and 11.
11
What is the greatest common divisor of 48 and 132352188?
12
What is the highest common factor of 4555 and 1525?
5
Calculate the highest common divisor of 9915741 and 1031367.
8121
What is the highest common divisor of 6210 and 1002570?
690
What is the highest common divisor of 463541419 and 9703?
9703
Calculate the greatest common divisor of 780 and 23559432.
156
What is the greatest common divisor of 245609650 and 1430?
1430
What is the highest common divisor of 3779050 and 341?
11
Calculate the highest common factor of 125 and 77318375.
125
Calculate the highest common factor of 68381 and 6608.
59
Calculate the highest common factor of 219938 and 68696.
554
Calculate the highest common factor of 21 and 4312140.
21
Calculate the greatest common factor of 245 and 4819577.
7
What is the greatest common factor of 254616 and 200?
8
What is the greatest common factor of 12470 and 11473690?
430
Calculate the greatest common factor of 306 and 778575078.
306
What is the greatest common factor of 15667314 and 10140?
1014
Calculate the highest common divisor of 669950 and 50.
50
What is the highest common factor of 7862348 and 21996?
2444
What is the highest common divisor of 48 and 813402?
6
Calculate the greatest common divisor of 1408 and 262139776.
128
Calculate the highest common factor of 5838 and 4133026.
278
Calculate the highest common factor of 1217756 and 28.
4
Calculate the highest common divisor of 98 and 5573694.
14
Calculate the greatest common divisor of 568 and 114260868.
284
What is the highest common factor of 7047 and 1860626457?
7047
Calculate the highest common factor of 238 and 70351134.
238
Calculate the highest common factor of 227920 and 1296.
16
What is the highest common divisor of 109530 and 424280?
10
Calculate the greatest common divisor of 1266356 and 16.
4
What is the highest common factor of 4048 and 2212416?
368
What is the highest common factor of 658 and 16675224?
94
What is the greatest common divisor of 138037602 and 666?
222
Calculate the highest common divisor of 112152 and 372.
12
Calculate the highest common factor of 765947 and 1274.
91
Calculate the greatest common factor of 14261254 and 196.
98
Calculate the highest common factor of 364429286 and 13.
13
What is the greatest common divisor of 976 and 12069338?
122
What is the highest common factor of 63358150 and 60?
10
What is the highest common divisor of 1200 and 28434?
6
What is the greatest common divisor of 9849256 and 24344?
136
Calculate the highest common divisor of 1523458 and 228.
38
What is the highest common factor of 1489195925 and 525?
175
Calculate the greatest common factor of 10856 and 4381753.
1357
Calculate the highest common divisor of 1510751 and 187.
11
Calculate the greatest common factor of 2592251445 and 17570.
8785
What is the greatest common divisor of 22691395 and 60?
5
What is the highest common divisor of 19257 and 5782?
49
What is the greatest common factor of 695209 and 32023?
1033
What is the highest common factor of 7469427 and 21?
21
Calculate the highest common factor of 408100 and 107030.
770
What is the greatest common factor of 2178 and 157050?
18
What is the highest common divisor of 11897868 and 1016?
508
What is the greatest common factor of 1529306 and 92338?
674
What is the highest common divisor of 2301985 and 1124515?
3115
What is the greatest common factor of 2851955904 and 7616?
7616
What is the greatest common divisor of 4450037 and 206761?
1039
What is the greatest common divisor of 86087045 and 11?
11
What is the greatest common factor of 9495 and 34755?
15
Calculate the highest common divisor of 3608 and 207603.
11
Calculate the highest common divisor of 80497538 and 4015.
803
What is the greatest common factor of 228886318 and 958?
958
Calculate the greatest common divisor of 531916 and 3.
1
Calculate the greatest common factor of 145443990 and 90.
30
Calculate the highest common factor of 5805247 and 240478.
1351
What is the highest common divisor of 19811 and 1309?
11
What is the highest common factor of 358 and 31296?
2
What is the greatest common factor of 5336 and 48981?
29
Calculate the greatest common divisor of 3784 and 417113631.
473
What is the greatest common factor of 223454 and 3962681?
1451
What is the greatest common divisor of 17196063 and 12?
3
Calculate the highest common divisor of 28 and 876226022.
14
Calculate the greatest common divisor of 75 and 41198055.
15
What is the highest common divisor of 90 and 3107170?
10
Calculate the greatest common divisor of 64856562 and 1866.
1866
Calculate the highest common factor of 1042873 and 637.
13
Calculate the greatest common factor of 6808 and 40088.
8
Calculate the greatest common divisor of 13876150 and 4966.
382
Calculate the highest common divisor of 22 and 17797307.
11
What is the highest common divisor of 19 and 157646249?
19
What is the greatest common factor of 293814437 and 1316?
329
Calculate the highest common divisor of 432 and 19291840.
16
Calculate the greatest common factor of 990 and 5154171.
33
What is the highest common divisor of 337014 and 24606?
18
What is the highest common divisor of 1359010 and 9176?
74
Calculate the highest common factor of 50357981 and 1643.
31
Calculate the greatest common divisor of 212 and 8504486.
106
Calculate the highest common divisor of 4455 and 51311535.
165
Calculate the greatest common factor of 203131629 and 9.
9
Calculate the highest common divisor of 1120671 and 6.
3
What is the highest common factor of 32 and 814574?
2
Calculate the greatest common factor of 35270026 and 22.
22
Calculate the greatest common divisor of 4993990 and 69.
23
Calculate the highest common divisor of 185220 and 28539.
189
What is the highest common divisor of 2 and 211105?
1
Calculate the greatest common factor of 326 and 1968062.
326
What is the greatest common divisor of 7960038 and 8?
2
Calculate the greatest common divisor of 130327 and 18868.
53
What is the highest common factor of 31955312 and 64?
16
Calculate the highest common factor of 78 and 74180535.
39
What is the highest common divisor of 522991 and 5222?
7
Calculate the greatest common divisor of 31698 and 10436850.
54
Calculate the highest common factor of 2821327 and 1391032.
5609
What is the greatest common divisor of 213752458 and 119?
17
What is the greatest common divisor of 2532 and 440914884?
2532
Calculate the highest common divisor of 392 and 4415698.
14
What is the greatest common factor of 210 and 33265080?
30
What is the greatest common divisor of 833459 and 17347?
11
What is the highest common divisor of 23232 and 2373696?
192
Calculate the greatest common divisor of 970230 and 1920.
30
Calculate the greatest common factor of 624042 and 148518.
666
What is the highest common factor of 999285 and 182280?
3255
What is the greatest common divisor of 1888 and 25527904?
32
What is the greatest common divisor of 8700 and 230338300?
2900
What is the highest common factor of 334055687 and 42581?
3871
Calculate the greatest common divisor of 2468 and 495466425.
617
Calculate the highest common divisor of 320630130 and 1140.
570
Calculate the greatest common factor o